ime factors of 4859880?
2, 3, 5, 40499
What are the prime factors of 12206800?
2, 5, 30517
List the prime factors of 579558.
2, 3, 7, 13799
What are the prime factors of 1700834?
2, 850417
List the prime factors of 284169.
3, 94723
List the prime factors of 8279283.
3, 2759761
What are the prime factors of 1303651?
401, 3251
List the prime factors of 4739637.
3, 7, 225697
What are the prime factors of 151826?
2, 75913
List the prime factors of 1591951.
227, 7013
What are the prime factors of 17329987?
17, 1019411
List the prime factors of 158371.
158371
List the prime factors of 6530209.
7, 932887
List the prime factors of 124568.
2, 23, 677
What are the prime factors of 30144?
2, 3, 157
List the prime factors of 3600135.
3, 5, 7, 11, 1039
What are the prime factors of 2024631?
3, 7, 4591
List the prime factors of 2080907.
2080907
What are the prime factors of 1139752?
2, 142469
List the prime factors of 4276679.
11, 388789
What are the prime factors of 152355?
3, 5, 7, 1451
List the prime factors of 639348.
2, 3, 53279
List the prime factors of 373247.
7, 71, 751
List the prime factors of 253840.
2, 5, 19, 167
What are the prime factors of 16055?
5, 13, 19
List the prime factors of 436391.
181, 2411
List the prime factors of 4173778.
2, 7, 31, 59, 163
What are the prime factors of 18540799?
18540799
List the prime factors of 3406384.
2, 211, 1009
What are the prime factors of 161648?
2, 10103
List the prime factors of 1987625.
5, 15901
List the prime factors of 268526.
2, 134263
What are the prime factors of 2247583?
13, 23, 7517
What are the prime factors of 2509369?
23, 109103
List the prime factors of 4066323.
3, 19, 71339
List the prime factors of 5479772.
2, 1369943
List the prime factors of 636350.
2, 5, 11, 13, 89
What are the prime factors of 18698387?
18698387
What are the prime factors of 213862?
2, 11, 9721
List the prime factors of 174624.
2, 3, 17, 107
What are the prime factors of 628992?
2, 3, 7, 13
List the prime factors of 2956809.
3, 43, 22921
List the prime factors of 329954.
2, 19, 457
List the prime factors of 6141299.
23, 137, 1949
What are the prime factors of 244049?
13, 18773
List the prime factors of 319197.
3, 103, 1033
What are the prime factors of 371803?
163, 2281
What are the prime factors of 138155?
5, 27631
List the prime factors of 466712.
2, 227, 257
What are the prime factors of 517030?
2, 5, 149, 347
What are the prime factors of 6059989?
13, 466153
What are the prime factors of 6091832?
2, 103, 7393
What are the prime factors of 423443?
59, 7177
What are the prime factors of 4175335?
5, 419, 1993
List the prime factors of 25834725.
3, 5, 7, 47, 349
List the prime factors of 24902210.
2, 5, 2490221
What are the prime factors of 356832?
2, 3, 7, 59
What are the prime factors of 4269713?
7, 79, 1103
List the prime factors of 594215.
5, 118843
What are the prime factors of 301793?
301793
List the prime factors of 355423.
139, 2557
What are the prime factors of 52941?
3, 7, 2521
List the prime factors of 15884375.
5, 13, 17, 23
List the prime factors of 371702.
2, 37, 5023
List the prime factors of 70779.
3, 23593
What are the prime factors of 228319?
7, 13, 193
What are the prime factors of 13723149?
3, 11, 19, 43, 509
What are the prime factors of 2839596?
2, 3, 83, 2851
What are the prime factors of 403543?
7, 57649
List the prime factors of 7763026.
2, 313, 12401
List the prime factors of 99569.
17, 5857
What are the prime factors of 2401472?
2, 157, 239
What are the prime factors of 7190306?
2, 23, 67, 2333
List the prime factors of 224820.
2, 3, 5, 1249
What are the prime factors of 1286196?
2, 3, 107183
What are the prime factors of 1109812?
2, 11, 2293
What are the prime factors of 424912?
2, 26557
List the prime factors of 718655.
5, 7, 20533
What are the prime factors of 296896?
2, 4639
List the prime factors of 71524.
2, 17881
What are the prime factors of 168445?
5, 59, 571
List the prime factors of 255429.
3, 101, 281
What are the prime factors of 65034?
2, 3, 3613
What are the prime factors of 98869?
98869
What are the prime factors of 354673?
11, 19, 1697
What are the prime factors of 2760708?
2, 3, 230059
List the prime factors of 551197.
551197
List the prime factors of 2520829.
2520829
What are the prime factors of 2731106?
2, 7, 373, 523
What are the prime factors of 12092929?
251, 48179
List the prime factors of 476693.
7, 68099
What are the prime factors of 721839?
3, 29, 8297
List the prime factors of 5986059.
3, 1995353
What are the prime factors of 2481172?
2, 19, 32647
List the prime factors of 406553.
7, 8297
List the prime factors of 853065.
3, 5, 71, 89
List the prime factors of 8830387.
367, 24061
List the prime factors of 109896.
2, 3, 19, 241
List the prime factors of 127253.
7, 53
List the prime factors of 6166647.
3, 29, 23627
What are the prime factors of 75711?
3, 25237
What are the prime factors of 737436?
2, 3, 7, 8779
What are the prime factors of 489131?
317, 1543
List the prime factors of 80658.
2, 3, 4481
What are the prime factors of 580755?
3, 5, 7, 5531
What are the prime factors of 19249305?
3, 5, 331, 3877
What are the prime factors of 616491?
3, 43, 59
List the prime factors of 24079271.
24079271
What are the prime factors of 10606292?
2, 157, 16889
What are the prime factors of 103973?
173, 601
List the prime factors of 8163312.
2, 3, 19, 8951
What are the prime factors of 21373101?
3, 571, 4159
List the prime factors of 2688625.
5, 137, 157
What are the prime factors of 5437279?
283, 19213
What are the prime factors of 4955907?
3, 11, 79, 1901
What are the prime factors of 43407?
3, 7, 13, 53
What are the prime factors of 9143040?
2, 3, 5, 2381
List the prime factors of 35530793.
35530793
List the prime factors of 25432199.
13, 1956323
What are the prime factors of 48974?
2, 47, 521
What are the prime factors of 93826?
2, 43, 1091
List the prime factors of 238544.
2, 17, 877
What are the prime factors of 198301?
198301
List the prime factors of 327954.
2, 3, 11, 4969
What are the prime factors of 1801377?
3, 200153
List the prime factors of 5233609.
41, 127649
What are the prime factors of 35951178?
2, 3, 41, 59, 2477
What are the prime factors of 12326357?
307, 40151
List the prime factors of 731602.
2, 43, 47, 181
List the prime factors of 113097.
3, 37699
What are the prime factors of 10514851?
907, 11593
What are the prime factors of 19995863?
19995863
What are the prime factors of 144002?
2, 89, 809
What are the prime factors of 643788?
2, 3, 1987
List the prime factors of 3045386.
2, 1522693
List the prime factors of 221563.
149, 1487
List the prime factors of 1421697.
3, 473899
List the prime factors of 1308729.
3, 53, 8231
List the prime factors of 1587268.
2, 79, 5023
What are the prime factors of 650244?
2, 3, 7, 7741
What are the prime factors of 45391?
19, 2389
What are the prime factors of 131811?
3, 53, 829
List the prime factors of 1823566.
2, 911783
List the prime factors of 4606597.
4606597
What are the prime factors of 455364?
2, 3, 7, 13, 139
What are the prime factors of 37048?
2, 11, 421
What are the prime factors of 3569934?
2, 3, 594989
List the prime factors of 3284.
2, 821
List the prime factors of 14611941.
3, 53, 10211
What are the prime factors of 1002403?
1002403
List the prime factors of 138791.
47, 2953
What are the prime factors of 24302009?
43, 565163
What are the prime factors of 81577?
29, 97
What are the prime factors of 208629?
3, 7727
What are the prime factors of 27829734?
2, 3, 29, 41, 47, 83
List the prime factors of 363359.
363359
What are the prime factors of 26980633?
23, 31, 79, 479
List the prime factors of 360171.
3, 7, 5717
What are the prime factors of 1587964?
2, 7, 56713
List the prime factors of 42211325.
5, 13, 23, 5647
What are the prime factors of 19533500?
2, 5, 7, 5581
List the prime factors of 1029823.
1029823
What are the prime factors of 19692648?
2, 3, 479, 571
List the prime factors of 68860.
2, 5, 11, 313
What are the prime factors of 580860?
2, 3, 5, 7, 461
What are the prime factors of 1408611?
3, 617, 761
List the prime factors of 743879.
29, 113, 227
List the prime factors of 1518014.
2, 103, 7369
What are the prime factors of 120428?
2, 7, 11, 17, 23
List the prime factors of 246022.
2, 7, 